-c**2 - 99*c + 18. Let z(h) = 7*i(h) + 6*x(h). What is z(-3)?
-12
Let q = 11 - 1. Suppose -6*f + f - q = 0. Let j(i) be the second derivative of i**4/4 + i**3/2 + i**2/2 - i - 39. Calculate j(f).
7
Let m(b) = 16*b**2 - 115*b - 19. Let j(v) = 9*v**2 - 63*v - 11. Let h(i) = -9*j(i) + 5*m(i). Let w(p) = p**3 - 5*p**2 - p - 1. Let u be w(5). What is h(u)?
16
Let u be 170/(-20)*7/(-14)*(0 - -4). Let o(p) = 4*p**2 - 71*p + 50. Determine o(u).
-1
Let v be 99/9 + -10 + -1*6. Let k(r) be the second derivative of 5*r**3/6 + 15*r**2/2 - 57*r. Calculate k(v).
-10
Let q(h) = -3*h**2 + 7*h**2 - h**3 + 5*h + 2 + 2*h**2. Suppose -2479*v = 3*d - 2482*v + 12, -v = 5*d - 40. Calculate q(d).
32
Let s(x) = 2*x - 8. Suppose -23*f + 100 = 31. Suppose -w - 1 + 4 = 0, l - 2 = f*w. Calculate s(l).
14
Let w be 204/(-714) + -3*(-2)/21. Suppose -4 = 4*f, -5*f - 16 = -w*d + d. Let i(o) = 0*o + 0*o - o - 3 - 11. Give i(d).
-3
Let i(t) be the third derivative of 0*t**3 - 1/24*t**4 + 76*t**2 + 0*t + 0. What is i(0)?
0
Let s(d) be the first derivative of 47*d**2/2 - 134*d + 6747. Determine s(3).
7
Let t(w) = -2*w**2 - 1. Let z be (121 - 0) + (-18 - -12). Let g = -117 + z. Give t(g).
-9
Let v = -184 + 200. Let p(n) = n - 12. Let r be p(v). Let f(b) = b**3 - 4*b**2 + b + 5. Give f(r).
9
Let s be -12*(0 - 10/4). Suppose 2*h - 7*h - s = 0. Let i(b) = 22*b + 34. Let t(g) = -14*g - 21. Let a(y) = 5*i(y) + 8*t(y). Give a(h).
14
Let i(n) be the first derivative of 2*n**2 + 2*n + 1. Let y be (-1*120/(-6))/(-2 - -6). Calculate i(y).
22
Let z(s) be the first derivative of -s**4/4 + 4*s**3 - 5*s**2 - 12*s + 398. Let g be (-1 - 0)/((-9)/99). Give z(g).
-1
Let h(f) = 14*f**3 - 36*f**2 + 35*f + 4. Let n(g) be the first derivative of -5*g**4/4 + 4*g**3 - 13*g**2/2 - g - 41. Let y(d) = 6*h(d) + 17*n(d). Give y(-11).
7
Let k be (100/(-125))/((-15)/(-40)*4/15). Let z(i) = 3*i + 20. Give z(k).
-4
Let r(o) = 2*o**2 + 5*o - 375. Let c be r(-15). Let u(a) = a - 13. Calculate u(c).
-13
Let u(c) be the third derivative of -c**5/20 - 13*c**4/24 - 14*c**3/3 + 296*c**2 + c. Calculate u(-3).
-16
Let t(f) = 9*f + 104. Let v(s) = -17*s - 196. Let a(x) = -7*t(x) - 4*v(x). Determine a(-11).
1
Let y = -362 + 367. Suppose -5 = 2*f + u, 7*f - 9*f - y*u - 17 = 0. Let o(z) = -5*z**2 - z - 2. Determine o(f).
-6
Let w(x) = -9*x**2 + 3*x + 5 + 10*x**2 + 4*x. Let c = 15 + -11. Suppose -i + 5*z + 15 = 0, 0 = 2*i + c*z + 41 - 15. Calculate w(i).
-5
Let g(b) = 9*b**2 - 61*b - 281. Let n(d) = -2*d**2 + 5*d - 1. Let m(t) = g(t) + 4*n(t). Calculate m(47).
-3
Suppose 5 = c + 2*a, -a - 8 = 11*c - 14*c. Suppose -2*n + 0*n - l = 0, l = -c*n. Let v(m) = m**3 - m**2 - m + 3. Calculate v(n).
3
Let x(q) = 2*q**2 - 2*q - 2. Let m(b) = -2. Let h(a) = -4*a + 50. Let k(i) = -h(i) - 8*m(i). Let z be k(9). What is x(z)?
2
Let q = -401 + 405. Let v(p) = -4*p**2 - q*p**2 + p**3 - 3*p - 3 + 10*p**2 + 4*p**2. What is v(-7)?
-31
Let l(r) be the third derivative of -4*r**2 + 1 + 0*r - 1/60*r**5 + 1/4*r**4 + 1/3*r**3. Suppose -4*w + v = -23, 0 = 2*w - 5*v - 1 - 6. Determine l(w).
2
Let b(a) be the third derivative of a**5/60 - a**4/24 - a**3 - a**2. Suppose 22*t + 3*t = 1500. Let r be (-130)/t - 1/(-6) - -7. Give b(r).
14
Let n(a) = -3*a + 2*a - 8*a**2 - 15 + 15. Let i(y) = -23*y**2 - 3*y. Let t(j) = -2*i(j) + 7*n(j). Let m be ((-8)/12)/(2/3). What is t(m)?
-9
Let p = -13 - -11. Let l(g) = g - 17. Let x(f) = f - 29. Let m(v) = -10*l(v) + 6*x(v). Give m(p).
4
Let w be (-1)/(-3) - 0 - 2652/(-306). Suppose 0 = 2*f + 5*c + 8, -f + w = 5*c + 13. Let b(p) = 17*p**3 + p**2 + p + 4*p - 4*p**2 - 2 - 18*p**3. Give b(f).
-6
Let z(u) = u**2 - u - 14. Let a = 36 - 81. Suppose g - 2*g - 40 = -p, 2*g - 235 = -5*p. Let q = a + p. Give z(q).
-14
Let s be (2/26)/((-21)/(-273)). Let c(t) = 2*t**2 - 8*t**3 - 4*t**3 + 19*t**3 - 7*t - s - 6*t**3 + 3*t**2. Determine c(-6).
5
Let d be 3/(-30)*3 - 14*76/(-80). Let n(b) = -b**3 + 3*b**2 + 128*b + 11. Give n(d).
-15
Let w(p) = -p**2 + 4*p + 5. Suppose -294 = 14*d - 1974. Let c = d - 115. Calculate w(c).
0
Let s(p) = 2*p**2 - p**3 + 656 + p**2 - 659 + 3*p - 7*p**2. Suppose 50 - 5 = -9*o. What is s(o)?
7
Let l(k) be the third derivative of -k**4/24 + 3*k**3/2 + 2*k**2 + 3*k. Let r(i) = 93*i + 472. Let h be r(-5). Calculate l(h).
2
Let f(m) be the third derivative of -5*m**4/24 - 20*m**3/3 + 99*m**2. What is f(-9)?
5
Let h(l) = 4*l**2 - 3*l + 50. Let r(v) = 5*v**2 - 4*v + 51. Let u(w) = -4*h(w) + 3*r(w). Let c(g) be the first derivative of u(g). Calculate c(2).
-4
Let p = 15 - 9. Suppose -4*w + 8 = -p*w. Let k(h) = -6*h + 0*h + 2*h + 12116 - 12121 - h**2. What is k(w)?
-5
Let y be (-1)/5 + 182/35. Let j(s) = -y + 2*s - 2 + 8 - 2*s**2 - 2. Determine j(2).
-5
Let r be (1 - (0 + 0))/(-1). Let w(d) = -29*d + 16. Let s(j) = 9*j - 5. Let f(c) = -6*s(c) - 2*w(c). Give f(r).
-6
Suppose -i - 2 = -2*a, 10*i + 3*a - 10 = 8*i. Suppose 0 = i*b + 5*z - 8, 3*z = z. Let t(h) = -4*h + 1. Determine t(b).
-15
Let a = -137 - -139. Let t(l) = 3 + 6*l - 23*l + 3*l - 3*l. Give t(a).
-31
Let l be -9*((-16)/12)/(-4). Let k(u) be the first derivative of -2*u**2 - 2*u + 39. What is k(l)?
10
Let x(p) = -p**2 + 7*p - 9. Let g(a) = -4*a - 24. Let u = 82 - 89. Let h be g(u). Determine x(h).
3
Let m = 1764/5 + -3493/10. Let z(f) be the second derivative of m*f**2 - 1/6*f**3 - 8*f + 0. Give z(5).
2
Let z(g) = 2*g**3 + g**2 + 4*g + 1. Let h(a) = 5*a**3 + 5*a**2 + 7*a + 5. Let i(p) = h(p) - 3*z(p). Let o = 12 + -15. Let r = 6 + o. Determine i(r).
-22
Let t be (-4)/(-12) - 1/3. Let n(l) = -l**2 - 6*l**2 - 6 + t + 1 + l**3 + 7*l. Let z(c) = -c**2 - 117*c - 1064. Let r be z(-10). Determine n(r).
1
Let i(o) = -5*o + 23. Let d(k) = 4*k - 23. Let z(l) = 4*d(l) + 3*i(l). Let a be 4/((128/36)/16). What is z(a)?
-5
Suppose 32*z + 42*z - 44 = 30. Let v(k) = k**2 - 1. Let y be v(2). Let p(m) = z - y - 11*m + 3 + 7*m. Calculate p(-1).
5
Let u(p) = -p**2 + 2*p**2 - 1 + 0*p**2 + 31*p - 27*p. Let d(q) = -36*q + 212. Let y be d(6). Give u(y).
-1
Let j(z) = 177*z - 529. Let q be j(3). Let m(i) be the third derivative of 0 - 12*i**q + 0*i - 1/24*i**4 + 1/2*i**3. Calculate m(-5).
8
Let d(g) = g**2 + 4*g - 6. Suppose -324 = 9*k - 15*k. Suppose 5*w - 44 + k = 0. Let b be w/(-7) + 1/(42/(-264)). Calculate d(b).
6
Let j(h) = -h**2 - 1 - 4*h**3 - 11*h**3 + 7*h**3 + 0 - 2*h. Calculate j(-1).
8
Suppose 71*i - 75*i = -80. Let w(j) = 14*j - 3*j**3 + 2*j**2 - 33*j + i*j + 2*j**3 - 1. Determine w(1).
1
Let c be 462/57 + (-8)/38*(-10)/(-20). Let n(r) = -13*r + 40. What is n(c)?
-64
Let q = -49 - -42. Let u(g) = -2*g**2 - 11*g + 16. Let y(b) = -4*b**2 - 23*b + 36. Let r(k) = q*u(k) + 3*y(k). What is r(-4)?
-4
Suppose 0 = a + 2*u - 7*u + 6, 4*a + 2*u - 20 = 0. Suppose 205 = a*w - 45*w. Let i(d) = d**2. Determine i(w).
25
Let q(h) be the third derivative of h**5/60 - h**4/24 - 29*h**3/2 - 990*h**2. Calculate q(10).
3
Let v(l) = l**2 - 9*l + 19. Let n be v(3). Let q(d) = 7*d - 15*d - n - 1 + 6*d. Calculate q(-3).
4
Let i(q) be the second derivative of -q**5/20 + q**4/4 - q**3/6 - 13*q**2/2 - 3159*q. What is i(3)?
-16
Let h be ((54/(-42)*2)/1)/((-27)/(-252)). Let x(d) = d**3 + 25*d**2 + 21*d + 13. Determine x(h).
85
Let t(o) be the third derivative of o**6/120 - 11*o**5/20 - 4*o**4/3 - 11*o**3 - 428*o**2. Calculate t(34).
2
Let h(o) be the first derivative of -o + 142 + 10/3*o**3 + 7*o**2 - 1/4*o**4. Give h(11).
32
Let j(y) = y - 15. Suppose 2*d + 14 = -2*k + 4*d, -4*k - 3*d - 56 = 0. Let a(w) = -3*w**2 - 36*w - 24. Let q be a(k). Give j(q).
-6
Let v(m) = 0 - 1 + 4*m - 3*m + 0. Let j be v(2). Let l(k) be the second derivative of -k**3/6 + k**2/2 + 19*k + 2. Determine l(j).
0
Let f = 27 - 3. Let x be 119/28 - 12/(-16). Suppose f = 4*m - 5*q, x = m - 2*q + q. Let o(y) = y**2 - 2*y. Determine o(m).
-1
Suppose -3*f - 52*s = -54*s - 9, 15 = 5*f - 2*s. Let i(r) = -5*r**2 + r - 15. Let k(h) = 0*h**2 - 4 - 2*h**2 - 3. Let v(o) = -3*i(o) + 7*k(o). Calculate v(f).
-4
Let i(d) = d - d**3 - 3 - d**2 + 9 + 2*d**2. Let a = -38 - 21. Let v = a + 59. What is i(v)?
6
Let v(n) be the second derivative of 3*n**5/10 + n**4/12 + n**3/3 + n**2/2 - 32*n. Suppose 2*b - 4*b + 6 = 0. Suppose -b*q + 2 - 5 = 0. Calculate v(q).
-6
Let h be (0 - (-2)/(-4))/(-22*39/1716). Let b(x) = 18*x**3 - 3*x**2 + 3*x - 1. Determin